v) = -17*v**3 - 13*v**2 + 68*v + 13. Determine r(4).
-1011
Let z(m) = -278*m - 1666. Determine z(-6).
2
Let t(k) = 56*k - 9040. Give t(162).
32
Let r(c) = c**3 - 3*c**2 - 81*c + 362. What is r(5)?
7
Let i(l) = -102*l - 10705. What is i(-105)?
5
Let i(r) = -r**3 + 5*r**2 + 22*r - 134. Calculate i(5).
-24
Let b(v) = -7*v**3 + v**2 - 9*v - 20. Give b(-2).
58
Let h(n) = 39*n - 2495. Give h(62).
-77
Let t(n) = -n**2 + 38*n + 36. What is t(38)?
36
Let p(s) = 38*s**2 + 8*s - 44. What is p(1)?
2
Let s(a) = 7*a - 96. Give s(11).
-19
Let z(j) = -8322*j - 8316. Determine z(-1).
6
Let z(h) = 47*h - 8138. Determine z(173).
-7
Let g(k) = -k**3 + 14*k**2 + 24*k + 90. Determine g(16).
-38
Let p(l) = -2*l**3 + 2*l**2 + 8*l + 22. What is p(5)?
-138
Let p(z) = 26*z**3 + 2*z**2 + 2*z - 3. What is p(-1)?
-29
Let v(u) = -71*u + 1128. What is v(16)?
-8
Let y(v) = 2*v**3 + 6*v**2 - 35*v - 158. What is y(-5)?
-83
Let q(p) = 9*p + 173. Give q(16).
317
Let n(d) = -d**3 - 3*d**2 - 3*d + 19. Give n(-7).
236
Let d(g) = 9*g**2 + 138*g + 15. What is d(-15)?
-30
Let h(r) = -r**3 - 17*r**2 + 47*r + 175. Calculate h(-19).
4
Let f(q) = -6*q**2 + 21*q + 1. Give f(3).
10
Let l(r) = r**3 + 37*r**2 - 71*r + 274. What is l(-39)?
1
Let l(o) = 2*o**3 - 24*o**2 + 4*o - 38. Calculate l(11).
-236
Let b(l) = -90*l - 1545. What is b(-17)?
-15
Let h(p) = -p**3 - p**2 + 2*p - 88. Calculate h(0).
-88
Let g(w) = -w**3 + 25*w**2 - 19*w + 219. Determine g(22).
1253
Let m(q) = 7903*q + 86910. Calculate m(-11).
-23
Let g(h) = 2*h**3 - 13*h**2 - 6*h + 4. Give g(7).
11
Let h(c) = -16*c**3 + 3136*c**2 - 3*c + 605. Give h(196).
17
Let a(i) = 312*i + 7806. Give a(-25).
6
Let r(j) = -j**2 - 19*j - 73. What is r(-7)?
11
Let s(c) = c**2 - 37*c - 23537. Give s(173).
-9
Let w(b) = -47*b**2 + 1969*b + 247. Give w(42).
37
Let g(h) = 3*h**2 + 64*h - 193. Calculate g(3).
26
Let o(p) = -299*p + 3254. Determine o(11).
-35
Let i(o) = o**3 - 9*o**2 - 4*o - 33. Determine i(9).
-69
Let o(l) = l**3 - 7*l**2 + 65*l - 575. Determine o(8).
9
Let t(x) = -261*x - 1762. Determine t(-7).
65
Let z(g) = g**3 - 47*g**2 + 87*g + 47. Give z(45).
-88
Let c(y) = 5*y**2 - 194*y + 1803. Determine c(24).
27
Let m(k) = 17*k - 252. Determine m(13).
-31
Let m(b) = b**2 + 213*b - 871. Determine m(4).
-3
Let t(p) = p**3 + 3*p**2 - 86*p + 40. Calculate t(8).
56
Let m(c) = -65*c**2 + 2*c + 1. Give m(0).
1
Let x(s) = -s**3 - s**2 + 637*s - 1862. Determine x(3).
13
Let j(f) = -19*f + 536. Determine j(32).
-72
Let u(s) = -s**2 + 37*s - 226. Give u(32).
-66
Let v(c) = -319*c - 321. Calculate v(-1).
-2
Let i(n) = -625*n + 10017. What is i(16)?
17
Let q(g) = -15583*g - 124655. Give q(-8).
9
Let j(n) = -2*n**2 - 388*n - 1150. Calculate j(-3).
-4
Let z(c) = 2*c**2 + 2*c - 28. Determine z(-7).
56
Let o(q) = q**3 + 171*q**2 + 1146*q - 362. What is o(-164)?
-34
Let c(l) = 21*l**2 - 204*l - 164. Give c(11).
133
Let x(i) = 2*i**2 + 16*i - 25. Determine x(3).
41
Let g(u) = -2*u**2 - 805*u + 18669. Calculate g(22).
-9
Let u(r) = -17*r + 161. Determine u(2).
127
Let v(a) = -3*a**3 + 36*a**2 + 37*a - 11. Determine v(13).
-37
Let r(w) = -w**3 + 8*w**2 + 101*w + 65. Determine r(15).
5
Let v(b) = -55*b**2 + 885*b + 2. What is v(16)?
82
Let m(g) = -g**2 + 448*g + 10870. Calculate m(-23).
37
Let l(z) = -693*z - 17279. Give l(-25).
46
Let o(x) = 368*x**3 + x**2 - 27*x - 27. Give o(-1).
-367
Let o(s) = -37*s**2 + 594*s - 24. What is o(16)?
8
Let g(n) = -4*n**2 + 112*n - 261. Give g(25).
39
Let t(d) = -d**2 - 40*d + 232. Calculate t(-45).
7
Let q(y) = -7*y**3 + 22*y**2 - 9*y + 20. What is q(3)?
2
Let h(i) = -i**3 - 11*i**2 + 7*i + 157. What is h(-10)?
-13
Let o(n) = -101*n**3 - 4*n**2 + 4*n + 1. Determine o(1).
-100
Let l(b) = -2*b**3 - 55*b**2 + 21*b - 191. Calculate l(-28).
5
Let b(m) = -206*m - 171. What is b(-1)?
35
Let p(s) = s**3 + 21*s**2 + 103*s + 50. Calculate p(-13).
63
Let y(a) = -3*a**3 + 8*a**2 - 16*a + 3. Determine y(5).
-252
Let k(y) = -308*y + 11706. What is k(38)?
2
Let g(u) = 22*u**2 - 238*u - 42. What is g(11)?
2
Let x(d) = 7*d + 117. Determine x(-14).
19
Let x(b) = 290*b - 2595. Determine x(9).
15
Let f(a) = -6*a + 105. What is f(0)?
105
Let b(p) = 38*p**2 + 416*p + 2. Determine b(-11).
24
Let a(g) = -8*g**3 - 9*g**2 + 14*g + 1. Give a(2).
-71
Let z(c) = -15*c**2 - 558*c - 100. What is z(-37)?
11
Let l(p) = 28*p + 868. Calculate l(-58).
-756
Let n(i) = -2*i**3 - 9*i**2 + 16*i + 13. Determine n(-5).
-42
Let y(n) = n**2 + 3053*n + 21328. What is y(-7)?
6
Let g(q) = 11*q**3 + 116*q**2 - 51*q + 46. Calculate g(-11).
2
Let i(g) = -g**2 + 26*g - 160. Give i(15).
5
Let d(q) = -q**2 + 26*q - 18. What is d(27)?
-45
Let k(i) = 47*i + 2. What is k(-4)?
-186
Let b(k) = -7*k - 374. Calculate b(-56).
18
Let y(j) = 33*j**2 - 1223*j + 72. What is y(37)?
-2
Let z(q) = -q**2 + 150*q + 19042. Give z(-82).
18
Let m(n) = n**3 + 3*n**2 + 665*n + 4840. What is m(-7)?
-11
Let s(r) = -2*r**3 - 37*r**2 - 3*r + 252. Determine s(-18).
-18
Let d(s) = s**2 - 39*s + 199. Calculate d(30).
-71
Let k(h) = -h**2 - 38*h + 124. What is k(-38)?
124
Let y(i) = -2*i**2 - 914*i + 1832. What is y(2)?
-4
Let p(v) = 769*v + 1586. Calculate p(-2).
48
Let w(r) = r**2 - 29*r + 1. Determine w(26).
-77
Let p(h) = 9*h + 311. What is p(-28)?
59
Let q(n) = 121*n + 14. Calculate q(4).
498
Let v(k) = -140*k + 737. Determine v(5).
37
Let k(v) = -3*v**2 - 6*v + 3. Give k(3).
-42
Let w(l) = 289*l + 2314. Determine w(-8).
2
Let n(c) = 2*c**3 + 494*c**2 + 481*c - 2713. Calculate n(-246).
-7
Let c(o) = o**2 - 131*o - 377. Determine c(134).
25
Let t(l) = 2*l**2 + 15*l - 357. Calculate t(10).
-7
Let s(r) = 16*r + 92. Calculate s(-4).
28
Let n(r) = 32*r**3 - 4*r**2 + 8*r + 14. Determine n(-2).
-274
Let g(w) = -28*w - 24. Determine g(1).
-52
Let t(j) = j**3 - 5*j**2 - 11*j + 9. Calculate t(6).
-21
Let i(o) = 2*o**3 + 146*o**2 + 678*o - 115. Give i(-68).
21
Let z(c) = c**3 - 2*c**2 + 22*c + 42. Calculate z(-2).
-18
Let x(u) = -u**3 - 27*u**2 + 28*u + 44. Give x(-28).
44
Let m(a) = -a**3 + 52*a**2 - 657*a + 187. Determine m(31).
1
Let o(c) = -3*c + 83. Give o(-20).
143
Let i(z) = z**3 - 57*z**2 + 551*z - 493. Calculate i(45).
2
Let g(f) = -116*f + 6. Give g(-1).
122
Let a(c) = 3*c**3 - 8*c**2 - 18*c + 42. Determine a(3).
-3
Let u(d) = -5*d**3 - 142*d**2 - 52*d + 122. What is u(-28)?
10
Let l(f) = -889*f - 16866. Determine l(-19).
25
Let y(g) = -2*g**2 + 304*g - 919. What is y(3)?
-25
Let a(q) = -3*q**2 + 29*q - 65. Determine a(11).
-109
Let i(c) = -c**2 + 180*c - 2158. Calculate i(167).
13
Let c(u) = 1143*u - 41155. Calculate c(36).
-7
Let u(t) = -85*t**2 + 147*t - 2. Determine u(2).
-48
Let y(m) = 5*m**2 - 196*m + 1914. Calculate y(19).
-5
Let k(c) = -c**3 + 10*c**2 - 102*c + 691. Determine k(8).
3
Let i(p) = -8*p**2 - 85*p + 120. Give i(-12).
-12
Let u(q) = -44*q**3 + 2*q**2 - 3*q. Determine u(-1).
49
Let x(h) = -55*h - 1403. Give x(-24).
-83
Let y(u) = 2*u**2 - 12*u - 23. Determine y(5).
-33
Let d(i) = 2*i**2 + 28*i - 97. What is d(-17)?
5
Let v(s) = -s**2 - 13*s - 35. Determine v(-11).
-13
Let m(z) = 3*z**3 - 14*z**2 - 465*z + 14. Give m(15).
14
Let n(r) = 3*r**3 + 10*r**2 - 4*r + 20. Calculate n(-4).
4
Let z(v) = v**2 + 80*v + 583. Determine z(-71).
-56
Let m(i) = 3*i**3 + 11*i**2 + 2*i - 12. Give m(-3).
0
Let b(i) = i**3 + 2*i**2 - 37*i + 86. Determine b(9).
644
Let t(j) = 2*j**3 - 127*j**2 - 63*j - 57. What is t(64)?
7
Let s(q) = 9*q + 15. What is s(-12)?
-93
Let z(b) = 110*b - 1678. What is z(13)?
-248
Let c(r) = -2*r**3 - 22*r**2 + 70*r + 764. Calculate c(-9).
-190
Let d(b) = -45*b + 4536. What is d(101)?
-9
Let q(t) = 75*t + 978. What is q(-13)?
3
Let p(u) = -2*u**3 - 137*u**2 - 20*u - 6074. What is p(-69)?
67
Let d(i) = -159*i**3 - 8*i - 8. What is d(-1)?
159
Let l(o) = -337*o - 11450. Give l(-34).
8
Let d(h) = 5*h**2 - 283*h - 122. What is d(57)?
-8
Let k(t) = 12*t + 290. What is k(-33)?
-106
Let m(o) = -16*o + 29. Determine m(-2).
61
Let i(b) = 2*b**2 + 6*b - 145. Determine i(-10).
-5
Let q(m) = 49*m + 999. Give q(-20).
19
Let t(j) = 4*j**2 + 6*j - 43. Give t(4).
45
Let m(p) = -p**3 + 432*p**2 + 3072*p - 10. Determine m(-7).
-3
Let s(a) = 3*a**2 - 663*a + 4493. Determine s(214).
-1
Let c(m) = m**2 + 116*m + 3315. Give c(-62).
-33
Let a(s) = 6*s**3 + 2*s**2 + 10*s - 28. Give a(2).
48
Let y(l) = 